he highest common factor of m and a.
3
Let m(t) = -t**3 - 5*t**2 - 3 + 5*t + 1 + 9*t**2. Let r be m(4). Let p = -34 + 46. What is the greatest common divisor of r and p?
6
Suppose 2*i = 2*s + 14, -3*s - s - 22 = -3*i. Suppose -i = -5*x - 1. What is the highest common factor of 3 and x?
1
Suppose 5*m - 98 = -3*z, 5*z + 0*z = 4*m + 114. Calculate the highest common divisor of 39 and z.
13
Suppose 2*l + 570 = -2*j, -2*j - l = -0*l + 575. Let s = 455 + j. Calculate the greatest common factor of s and 15.
15
Suppose 3*l - 60 = -4*i, -5*i - 5*l = -l - 74. Calculate the highest common divisor of 27 and i.
9
Let s = -196 - -306. Calculate the highest common divisor of 10 and s.
10
Let n(k) = k + 7. Let z be n(0). Let f(r) = 2*r**2 - 10*r + 4. Let m be f(z). Calculate the highest common divisor of 80 and m.
16
Suppose -3*l = 3*q - 115 + 19, 3*q + 4*l - 101 = 0. Calculate the greatest common factor of 27 and q.
27
Let y be 130/9 - 4/9. Calculate the highest common divisor of 42 and y.
14
Suppose 0*s + 5*s = 0. Let h be 3/9*(81 + s). Let y = -17 - -26. What is the highest common factor of y and h?
9
Suppose 2*k + 3*o = -1 + 23, k - 3*o = 2. What is the greatest common divisor of k and 88?
8
Let i = 4 + -1. Suppose 8 = i*n - n. Suppose m - n - 6 = 0. Calculate the highest common factor of 50 and m.
10
Let h(a) = -5*a**3 + 2*a**2 - 7*a + 6. Let c be h(5). Let n = c - -929. Suppose -50 + n = 5*i. What is the greatest common factor of 22 and i?
11
Let n = -51 - -53. What is the highest common divisor of 22 and n?
2
Suppose -s + 319 = 4*u - 478, -1010 = -5*u - 4*s. Calculate the highest common factor of 18 and u.
18
Suppose 0*n + 20 = 4*j + 4*n, 0 = -n. Suppose 2*s = j + 5. What is the highest common factor of s and 5?
5
Suppose -4*o - 15 = -5*y, -3*o - 6 = o - 2*y. Suppose -j - 4*b + 13 = -o, -5*b - 5 = -3*j. What is the highest common factor of j and 5?
5
Suppose -83 - 24 = r. Let k = -59 - r. What is the highest common factor of k and 6?
6
Let r(g) = 7*g**2 - 2*g + 3. Let l be r(2). Calculate the greatest common factor of l and 27.
27
Let c(r) = 6*r - 23. Let s be c(6). Calculate the greatest common divisor of 52 and s.
13
Suppose -118 = -r + 5*v, 5*r = 5*v - 125 + 615. Calculate the highest common divisor of r and 62.
31
Let r(y) = 5*y**3 + 3*y**2 + 3*y. Let z be r(-3). Let a = -45 - z. Let x be (-30)/(-35)*(-42)/(-2). What is the highest common divisor of x and a?
18
Suppose 5*f - 2*f = 15. Suppose 3*c - f - 16 = 0. Let r = c - -3. What is the highest common factor of 90 and r?
10
Let p be 0/((-2)/((-2)/(-1))). Suppose -2*c + 12 - 2 = p. Let w be 2/c - (-476)/10. Calculate the highest common divisor of w and 6.
6
Suppose 133 + 19 = 2*y. Let w be 1 + y/2 + -3. Let v(b) = b**3 + 5*b**2 + 3*b + 3. Let r be v(-3). Calculate the highest common factor of w and r.
12
Let t = -5 - -14. Suppose -3*h = 5*o + 343 + 644, 3*o = 2*h + 639. Let k be ((-12)/t)/(2/h). Calculate the greatest common factor of 24 and k.
24
Suppose -v + 4*v - z = 13, 2*v + 8 = 4*z. Let p = -2 + v. Suppose -5*u = 3*s - 190, s + p*u - 62 = -1. What is the greatest common divisor of 26 and s?
13
Let r = -79 - -154. Suppose 0 = f - 4*f + 180. Suppose 10 = x - 5*a, -3*x + f = -4*a + 19. What is the highest common factor of x and r?
15
Suppose -64 = -3*f + 11. Let w be 535/f - 2/5. Calculate the greatest common factor of w and 105.
21
Let y be (9/(-12))/(2/(-88)). Suppose 0*n + y = 3*n. What is the greatest common divisor of n and 11?
11
Suppose -12*f - 45 = -13*f. What is the greatest common factor of f and 36?
9
Let h = 16 + 9. Suppose 2*d + 0*z - 4*z = 12, 2*d - 30 = -5*z. Calculate the highest common divisor of d and h.
5
Suppose 4*x = -0*x + 144. Suppose -5*u + 7*u = 24. Suppose 3*d = 2*j - u, 0 = -j - 0*j - 2*d + 20. What is the greatest common factor of j and x?
12
Let q = 1 + 0. Suppose q = -n + 15. What is the greatest common divisor of n and 14?
14
Let k be 9/(-6) + 84/(-8). Let i = k + 17. Calculate the highest common factor of i and 25.
5
Suppose -3*m - 12 = 5*k + 14, -32 = 3*m + 2*k. Let r = m + 22. Suppose -p + 200 = 4*p. What is the highest common factor of r and p?
10
Let c be 2 - (2 + 0)*-1. Let v(z) = 8*z**2 + 2*z + 4. Let n be v(c). Calculate the greatest common divisor of 20 and n.
20
Let m be 28 - ((-2)/(-3))/((-1)/(-3)). Let d be (-2)/(1*(-2)/65). Suppose 2*k - d = k. Calculate the greatest common factor of k and m.
13
Suppose -28 = -2*i - 18. What is the highest common factor of 5 and i?
5
Suppose 4*k - 51 = 101. What is the greatest common divisor of k and 19?
19
Let r(k) = 22*k**2 + 8*k - 20. Let f(p) = -9*p**2 - 3*p + 8. Let t(z) = 12*f(z) + 5*r(z). Let s be t(-5). Calculate the greatest common factor of s and 104.
26
Let d(f) = f**3 - 8*f**2 - 9*f + 1. Let t be d(9). Suppose 4*l - t = 191. What is the highest common divisor of 32 and l?
16
Suppose -8 = j + j. Let u be (-2 + 0 - j) + 14. Calculate the highest common factor of u and 8.
8
Suppose -6 + 1 = -w, -4*o = -w + 5. Suppose -2*k - 4 = o, -j = 4*j - 2*k - 294. Let z be j/6 + (-6)/9. What is the highest common divisor of 3 and z?
3
Let r = -17 + 26. Suppose 79 - r = 2*a. Calculate the greatest common divisor of 7 and a.
7
Suppose -2*b + 2 = -4*k, 0*b + k + 17 = 2*b. Let r(a) = -5*a - 4. Let p be r(-3). Calculate the greatest common factor of b and p.
11
Suppose 25 = 3*b + 5*g, 3*g - 3 = b - g. Suppose -b*o + 447 = 132. What is the greatest common factor of o and 7?
7
Let n be ((-10)/(-25))/(2/30). What is the highest common factor of 42 and n?
6
Let a be 4*(231/(-6))/(-7). Calculate the greatest common factor of a and 55.
11
Suppose 3*z = z + 8. Suppose 3 - 27 = -z*r + 2*m, 0 = -5*m. Calculate the highest common factor of r and 18.
6
Let u be ((-8)/3 + 2)*3. Let n be u/((-19)/18 - -1). Suppose 10 = g - 2. Calculate the greatest common factor of n and g.
12
Suppose 0*s - 2*o - 12 = -s, 2*o - 8 = 0. Suppose -y - 4*y + s = 0. Calculate the highest common factor of y and 32.
4
Suppose -4*l = 4*n - 9*n - 8, -n = 0. Suppose c = 7 - l. Suppose -c*v + 10 = 0, -5*a - 29 + 192 = -v. Calculate the highest common factor of a and 11.
11
Let y = -105 - -55. Let p = y + 25. Let v be 4/5*p/(-10). Calculate the greatest common factor of v and 3.
1
Let f(y) = y. Let w be f(4). Calculate the greatest common factor of 36 and w.
4
Let y = 52 + -32. What is the greatest common divisor of 5 and y?
5
Let l(n) = n**3 - 13*n**2 + 12*n - 7. Let v be l(12). Let o(a) = -a - 4. Let r be o(v). Calculate the highest common divisor of 30 and r.
3
Let z be ((-2)/(-4))/((-3)/(-222)). Suppose -5*x + 5*v = -50, 3*x + v - z = -3*v. Suppose -2*t = -x - 29. What is the highest common factor of 10 and t?
10
Let t = 5 + -3. Suppose 259 = 4*x - 3*o, t*o + 322 = -0*x + 5*x. What is the greatest common factor of x and 8?
8
Let p(s) = -s**3 - 3*s**2 - 8*s - 17. Let w be p(-4). What is the highest common divisor of w and 93?
31
Suppose -246 + 774 = 11*g. What is the greatest common divisor of 6 and g?
6
Suppose 2*r + 9 = -3. Let g = 62 + r. Calculate the highest common divisor of g and 84.
28
Let p = 38 + -4. Let z be -1 - (-52)/((-2)/(-2)). What is the highest common divisor of p and z?
17
Suppose -3*j + 142 = 5*y + 37, 0 = -5*y + 15. Calculate the greatest common divisor of j and 12.
6
Suppose -5*a = -h - 554, 0 = 3*a + a + 2*h - 432. What is the highest common divisor of a and 44?
22
Suppose -178 - 347 = -5*d. Let l(s) = s**3 + s**2 - s. Let q be l(0). Suppose 0 = -q*t - t + 15. Calculate the highest common divisor of t and d.
15
Let u = -29 - -34. Let a(l) = -2*l + 1. Let v be a(-2). Calculate the highest common divisor of u and v.
5
Let p(s) = -s**3 - 4*s**2 + 7*s + 12. Let y be p(-6). What is the highest common divisor of y and 105?
21
Let y = -25 - -37. What is the greatest common divisor of y and 12?
12
Let w = 717 - -53. Suppose -8*z + 3*z = -w. What is the highest common factor of 14 and z?
14
Suppose 4 = -4*d - j, -2*d + 12 = j - 4*j. Suppose -a + 20 = 2*m - d*a, 5*m - 5*a = 50. What is the greatest common divisor of m and 15?
5
Suppose -q - 9*q = -390. What is the highest common divisor of 429 and q?
39
Suppose 0 = -k + x + 2*x - 11, 0 = -5*k - 5*x + 45. Calculate the greatest common divisor of 64 and k.
4
Suppose 0*w - 28 = -2*w - 4*n, 5*w = -n +